8?
2, 137, 5171437
List the prime factors of 103221134.
2, 31, 1664857
List the prime factors of 1764746129.
199, 8868071
What are the prime factors of 66556070?
2, 5, 7, 31, 30671
List the prime factors of 136595943.
3, 11, 193, 2383
List the prime factors of 134028647.
103, 1301249
What are the prime factors of 233223947?
11, 21202177
What are the prime factors of 262178764?
2, 41, 1598651
List the prime factors of 67215017.
79, 850823
List the prime factors of 337372212.
2, 3, 61, 460891
List the prime factors of 105860059.
229, 462271
What are the prime factors of 83284282?
2, 47, 59, 15017
List the prime factors of 161643434.
2, 47, 1719611
What are the prime factors of 97300731?
3, 11, 163, 18089
List the prime factors of 62101818.
2, 3, 29, 271, 439
What are the prime factors of 231396371?
231396371
List the prime factors of 2495314264.
2, 17, 18347899
What are the prime factors of 23197251?
3, 7, 11, 137, 733
List the prime factors of 1821691807.
13, 140130139
What are the prime factors of 87208081?
19, 1433, 3203
What are the prime factors of 130645810?
2, 5, 1543, 8467
List the prime factors of 835098941.
107, 401, 19463
What are the prime factors of 229718113?
19, 691, 17497
List the prime factors of 3218323298.
2, 2797, 575317
What are the prime factors of 1024355364?
2, 3, 85362947
List the prime factors of 43121927.
29, 1486963
What are the prime factors of 1396671746?
2, 223, 3131551
List the prime factors of 2589280664.
2, 61, 5305903
List the prime factors of 54045436.
2, 643, 21013
List the prime factors of 419301600.
2, 3, 5, 17, 43, 239
What are the prime factors of 8021280495?
3, 5, 53, 971, 10391
List the prime factors of 35802524.
2, 181, 49451
What are the prime factors of 3769713862?
2, 67, 2069, 13597
List the prime factors of 1502241201.
3, 55638563
What are the prime factors of 63692710?
2, 5, 17, 22039
What are the prime factors of 1453694022?
2, 3, 11, 7341889
List the prime factors of 509309480.
2, 5, 12732737
What are the prime factors of 270503862?
2, 3, 2383, 18919
List the prime factors of 97180833.
3, 37, 875503
What are the prime factors of 9877578?
2, 3, 17, 179, 541
List the prime factors of 302531598.
2, 3, 622493
What are the prime factors of 34095785?
5, 19, 358903
What are the prime factors of 201760107?
3, 19, 3539651
What are the prime factors of 168441503?
131, 1285813
What are the prime factors of 33976010?
2, 5, 3397601
List the prime factors of 38274703.
73, 83, 6317
What are the prime factors of 7140077068?
2, 227, 7863521
List the prime factors of 23680187.
31, 461, 1657
What are the prime factors of 1580722590?
2, 3, 5, 709, 74317
What are the prime factors of 327695606?
2, 7, 31, 37, 20407
What are the prime factors of 60841742?
2, 13, 17, 179, 769
List the prime factors of 146319709.
146319709
What are the prime factors of 28723435?
5, 13, 23, 19213
What are the prime factors of 31724020?
2, 5, 1586201
What are the prime factors of 35277645?
3, 5, 13, 131, 1381
List the prime factors of 175016604.
2, 3, 7, 2083531
What are the prime factors of 298603910?
2, 5, 11, 347, 7823
List the prime factors of 416910537.
3, 31, 498101
What are the prime factors of 1922169124?
2, 17, 19, 557, 2671
What are the prime factors of 14473605?
3, 5, 113, 8539
What are the prime factors of 41040303?
3, 23, 41, 89, 163
List the prime factors of 1496420679.
3, 13, 67, 572683
List the prime factors of 27852552.
2, 3, 7, 13, 109
What are the prime factors of 21580108?
2, 11, 44587
List the prime factors of 1693917599.
11, 661, 21179
What are the prime factors of 134865979?
29, 4650551
List the prime factors of 4735268010.
2, 3, 5, 11, 4783099
What are the prime factors of 81351323?
81351323
What are the prime factors of 427989244?
2, 23, 613, 7589
What are the prime factors of 586583101?
13, 45121777
List the prime factors of 525528389.
1433, 366733
What are the prime factors of 738892903?
7, 463, 32569
List the prime factors of 4005783955.
5, 801156791
What are the prime factors of 122701901?
7, 17528843
List the prime factors of 2103398317.
12143, 173219
List the prime factors of 196724236.
2, 199, 247141
List the prime factors of 189855320.
2, 5, 17, 43, 151
What are the prime factors of 2031089364?
2, 3, 677, 27779
What are the prime factors of 105769696?
2, 3305303
List the prime factors of 801109539.
3, 89012171
List the prime factors of 582925663.
251, 701, 3313
List the prime factors of 322654391.
6883, 46877
List the prime factors of 254744246.
2, 197, 359, 1801
List the prime factors of 109483747.
103, 1062949
List the prime factors of 11499032.
2, 1437379
What are the prime factors of 5707109368?
2, 713388671
What are the prime factors of 509980030?
2, 5, 7, 7285429
List the prime factors of 32541533.
1783, 18251
List the prime factors of 102894300.
2, 3, 5, 12703
List the prime factors of 53310279.
3, 11, 61, 71, 373
List the prime factors of 190731608.
2, 29, 449, 1831
List the prime factors of 1493574528.
2, 3, 1063, 3659
What are the prime factors of 49279451?
13, 1493, 2539
List the prime factors of 1805017814.
2, 902508907
List the prime factors of 36108172.
2, 9027043
List the prime factors of 383815028.
2, 95953757
What are the prime factors of 55751530?
2, 5, 239, 23327
List the prime factors of 637771132.
2, 29, 71, 211, 367
List the prime factors of 32797957.
2477, 13241
What are the prime factors of 496444157?
11, 97, 465271
List the prime factors of 1303819280.
2, 5, 16297741
What are the prime factors of 112553083?
112553083
List the prime factors of 1923423165.
3, 5, 4749193
List the prime factors of 8611773.
3, 2870591
List the prime factors of 3171715.
5, 634343
List the prime factors of 400751405.
5, 80150281
List the prime factors of 80562554.
2, 109, 369553
List the prime factors of 6665534.
2, 29, 41, 2803
What are the prime factors of 7199901664?
2, 7703, 29209
What are the prime factors of 30915282?
2, 3, 17, 303091
What are the prime factors of 134788065?
3, 5, 1867, 4813
List the prime factors of 225556013.
225556013
What are the prime factors of 2000000258?
2, 17, 58823537
List the prime factors of 3076417359.
3, 17, 67, 300109
What are the prime factors of 186993928?
2, 11, 43, 49417
What are the prime factors of 34300613?
23, 139, 10729
List the prime factors of 30741347.
7, 13, 337817
List the prime factors of 233068393.
233068393
List the prime factors of 485524617.
3, 47, 3443437
List the prime factors of 101070683.
7, 43, 47969
List the prime factors of 3507552120.
2, 3, 5, 29229601
List the prime factors of 486868623.
3, 23, 7056067
List the prime factors of 848611944.
2, 3, 257, 15287
What are the prime factors of 5464923618?
2, 3, 7, 11, 29, 3371
List the prime factors of 406567708.
2, 463, 219529
List the prime factors of 134028291.
3, 23, 43, 199, 227
List the prime factors of 77890293.
3, 13, 487, 1367
List the prime factors of 358155268.
2, 89538817
List the prime factors of 283459847.
11, 53, 601, 809
What are the prime factors of 380375171?
11, 431, 80231
List the prime factors of 2028205133.
571, 3552023
List the prime factors of 18311210.
2, 5, 17, 107713
List the prime factors of 94965653.
94965653
List the prime factors of 192061618.
2, 7, 13718687
What are the prime factors of 338893145?
5, 431, 157259
What are the prime factors of 392623138?
2, 196311569
List the prime factors of 210837590.
2, 5, 619, 34061
What are the prime factors of 859950479?
271, 3173249
List the prime factors of 12901410.
2, 3, 5, 71, 673
What are the prime factors of 3161514857?
103, 30694319
What are the prime factors of 92390511?
3, 2953, 10429
What are the prime factors of 15646099?
7, 311, 7187
List the prime factors of 5068034103.
3, 11, 19, 139, 58151
List the prime factors of 706579023.
3, 131, 1797911
List the prime factors of 522587251.
107, 4883993
What are the prime factors of 5116878061?
54709, 93529
List the prime factors of 8891518.
2, 113, 39343
List the prime factors of 196991751.
3, 11, 29, 18713
What are the prime factors of 37431077?
37431077
What are the prime factors of 2230095972?
2, 3, 13, 17, 840911
List the prime factors of 50293052.
2, 167, 75289
What are the prime factors of 69429388?
2, 7, 139, 17839
List the prime factors of 3154209463.
13381, 23572